y) = 0 + 4 + 2*y - 3. Give p(z).
3
Let z(v) = -2*v**3 + 6*v**2 - v - 4. Let u(c) = -240*c + 2403. Let x be u(10). What is z(x)?
-7
Let k be -3 + 5 + (-4 - 0). Let x be 2/(4*k/(-76)). Suppose -3*t - 7 = -x. Let m(v) = -v + 5. Determine m(t).
1
Let l = 400 - 210. Let t be (l/(-165) - 6/33)*-9. Let f = t - 10. Let r(o) = -o**2 - o + 1. Give r(f).
-5
Let j(w) = -2*w + 6. Let i(u) = 5*u - 11. Suppose 2*f - 76 + 66 = 0. Let p(v) = f*j(v) + 3*i(v). What is p(-6)?
-33
Let h(t) = -66*t**2 - 7*t - 2. Let r(c) = -111*c**2 - 11*c - 3. Let u(z) = 5*h(z) - 3*r(z). Determine u(4).
39
Let n(l) = 6*l**2 - 15*l + 9. Let k(w) be the third derivative of -w**5/60 + w**4/8 - w**3/3 - 198*w**2. Let d(j) = 11*k(j) + 2*n(j). Determine d(3).
14
Let q(h) = -10*h + 193. Let t be -42 + 42 - (-38)/2. Determine q(t).
3
Let k = 358/9 - 352/9. Let b(v) be the second derivative of 5/2*v**2 - k*v**3 - 15*v - 1/6*v**4 + 0. What is b(-4)?
-11
Let r(s) = -16*s - 18*s + 1 - 15*s + 6 + 42*s. Suppose -27*c = -21*c. What is r(c)?
7
Let t(w) = 32 - 112*w + 240*w - 129*w. Calculate t(16).
16
Let b(f) = -152*f - 51. Let k(c) = 70*c + 25. Let n(w) = -6*b(w) - 13*k(w). Give n(-7).
-33
Suppose u + m + 5 = 0, 4 = -m + 1. Let l be 4/2 - (u - -4). Suppose 5*c + 16 - 6 = l. Let b(g) = -g**3 - g**2 + 3*g + 1. Calculate b(c).
-1
Let y(o) = 5*o**3 - 104*o**2 - 20*o - 29. Let d be y(21). Let k(b) = 5*b + 53. What is k(d)?
13
Suppose -1163 + 1127 = -7*s - 11*s. Let n(q) be the first derivative of 5/3*q**3 - 30 + q - 1/4*q**4 - 2*q**s. Calculate n(3).
7
Let h(d) = d**2 + 2*d + 2. Let b(s) = -17*s - 219. Let n be b(-13). Suppose -2*x - 3*x = -4*a + 47, n*a + 8 = -2*x. Calculate h(x).
37
Let s(r) be the third derivative of -13*r**6/60 - r**5/30 + r**4/24 - 7*r**2 - 146*r. Determine s(1).
-27
Let z(m) be the second derivative of m**4/4 + 16*m**3/3 - 13*m**2/2 - 37*m - 3. Give z(-11).
-2
Let i = 96 - 66. Suppose -5*o = -0*o + i. Let f(j) be the third derivative of -j**4/12 - j**3/2 - 678*j**2 - 3. Calculate f(o).
9
Let c(x) = x**3 - 16*x**2 + 14*x + 21. Let q = -90 + 91. Let i be q/(-7) + (-1696)/(-112). Let y be c(i). Let g(n) = 2*n**2 - 7*n - 5. What is g(y)?
25
Let p(f) be the second derivative of -f**5/20 - 5*f**4/12 - 5*f**2/2 - 12227*f. What is p(-4)?
-21
Let w(s) = 9*s + 1. Let q(x) = 0*x + 1 + 2 - 26*x - 3 - 2. Let h(c) = -q(c) - 3*w(c). Determine h(-13).
12
Let p(l) = l**2 + 19. Let j = -24191 - -24187. What is p(j)?
35
Let t(f) = -2*f - 1. Let c(z) = 3*z + 3. Let w be (-14 - 6)*(-10)/25. Let i(s) = w*t(s) + 5*c(s). Suppose -3*h + 2 = 5*b - 3, -2*b = -3*h - 23. Give i(b).
3
Suppose 5*a - 50 + 25 = 0. Suppose 0 = 5*o - a + 40. Let h(v) = -v**3 - 8*v**2 - 10*v - 8. Determine h(o).
13
Suppose -39 - 4 = 16*k + 37. Let j(o) = 5*o**2 + 28*o + 13. What is j(k)?
-2
Let r(q) = -10 - 8*q + 10*q + 7*q**2 - 4*q**2 + 6 + 4*q. Calculate r(-3).
5
Let v(i) = i**2 + 18*i + 26*i + 7 - 2*i**2 - 48*i. Let o be (-18)/(-12)*(-10)/(-3). Determine v(o).
-38
Let s be 68/7 - 3*(-4)/42. Let a(r) = -2*r + r + 2 + 9 - s. Suppose -6 = 4*i + 18. What is a(i)?
7
Let f(k) = 37*k - 213. Let r(y) = 37*y - 229. Let p(u) = -5*f(u) + 4*r(u). Calculate p(4).
1
Let z(j) = -j**3 - 3*j**2 + 7*j + 9. Suppose -5*k = 547 - 7. Let x be ((-162)/k)/(0 + (-3)/8). What is z(x)?
-3
Let n = -8376 + 8354. Let v(u) = -2*u - 38. What is v(n)?
6
Let z(p) = 6*p - 1. Let j(g) = g. Let s(w) = -9*w - 89. Let y(c) = -j(c) - s(c). Let l be y(-11). Calculate z(l).
5
Let q(k) = k + 14. Suppose -11*a - 5*a = -64. Suppose 3*o + 10*c = 5*c, -2*o = -a*c + 22. Calculate q(o).
9
Let r(j) = -4*j. Let t(o) = -5*o + 1. Let v(h) = 6*r(h) - 5*t(h). Let i(y) = 6*y**2 - 28*y - 10. Let b be i(5). Give v(b).
-5
Let b be ((-5 + 10)/25)/((-3)/(-285)). Let i(f) = f**2 - 19*f + 31. What is i(b)?
31
Let t(k) be the first derivative of -2*k**3/3 + 139. Let o(q) = -2*q + 2. Let w(x) = -o(x) - t(x). What is w(-2)?
2
Let x(u) = 7*u**2 - 22*u - 28. Let v(z) = 4*z**2 - 10*z - 15. Let n(w) = 11*v(w) - 6*x(w). Calculate n(-11).
3
Suppose 9*b - 8*b = -20*b + 63. Let y(s) = -18*s - 5. Calculate y(b).
-59
Let z(q) = -q**3 + 13*q**2 + 30*q. Let o be z(15). Let g(c) = -3*c**2 - 24*c - 6. Let l(p) = 2*p**2 + 15*p + 4. Let t(r) = -5*g(r) - 8*l(r). Calculate t(o).
-2
Let u(b) = 582 + 567 - 1177 - 6*b. What is u(7)?
-70
Let w(o) = -o**2 - o + 1. Let p(v) = -36*v**2 + 3*v + 6. Let m(j) = p(j) - 6*w(j). Let u(l) = -3*l**2 + l. Let f(c) = -2*m(c) + 21*u(c). What is f(2)?
-6
Let d(v) = -5*v - 2. Let w(o) = 1. Suppose 3*b - 17 = 2*c, b = -0*b - 3*c + 2. Let z(l) = b*w(l) - d(l). Let k = 50942 + -50947. Give z(k).
-18
Let a(i) = 22*i + 458. Suppose -4*b = -f + 79, -5*f - 28 = -5*b - 108. Give a(b).
-4
Let v = -16 + 24. Let o(i) = 2 - i**3 - 14*i**2 + 3 + 9*i**2 + v*i. Let a(t) = 6*t**2 + 83*t - 111. Let f be a(-15). Calculate o(f).
-7
Suppose -4*p = p + 25. Let s(a) be the third derivative of a**5/60 + a**4/24 + 7*a**3/6 + 84*a**2 - 130*a. Determine s(p).
27
Let h(z) = z**3 + 3*z**2 + 3*z + 2. Let j be h(-2). Let y be (-8)/(-5) + j - 54/(-135). Let v(t) = -t**3 - 3 - 6*t**2 - y*t - 4 + 2 - 2. Calculate v(-6).
5
Let y = 2 + -6. Let p(t) = -3*t**3 + 44 - 31*t - 24 + 40*t + 9*t**2 - 19. Let l(c) = c**3 - c**2 - c + 1. Let a(v) = y*l(v) - p(v). Calculate a(-4).
-1
Let s(g) = 4*g + 1. Let m be ((-63)/(-4) - -1)*(6 + -2). Let k = -94 + m. Let i = k + 33. Determine s(i).
25
Let j(g) be the second derivative of -g**4/6 - 11*g**3/6 + 3*g**2/2 + 201*g - 1. Determine j(-4).
15
Let m be 155/45 + -3 - (-172)/18. Let x(q) = -2 + q - 10*q + 3 + m*q - 7. Let f = -1 - -1. What is x(f)?
-6
Suppose -4*r - 7*w = -6*w - 3, 4*w - 12 = -r. Let x(c) be the first derivative of -c**4/4 + c**3/3 + c**2/2 - 19*c - 40. Determine x(r).
-19
Let n(g) = -92*g - 36. Let x(h) = -153*h - 71. Let s(o) = 5*n(o) - 3*x(o). What is s(19)?
14
Let n(h) be the second derivative of -17/12*h**4 + 0 + h**2 - 107*h - 1/3*h**3. Determine n(1).
-17
Let a(w) = 6589982*w + 2*w**2 - 1 - 6589980*w - 1. Determine a(-2).
2
Let n(d) = -d + 29. Let u(y) = 5. Let b(s) = -6*n(s) + 34*u(s). Let j be b(1). Let m(h) = -h**j + 5 - 2*h + 3*h + 5*h. Calculate m(6).
5
Let i(o) = 9*o**3 + 26*o**2 + 6*o + 4. Let a(z) = 8*z**3 + 22*z**2 + 5*z + 4. Let h(j) = -7*a(j) + 6*i(j). Determine h(2).
-10
Let o(w) = -5*w**2 + 43*w - 14. Suppose 8*j + 2011 - 1883 = 24*j. Calculate o(j).
10
Let t = 12100 + -12109. Let l(j) = -5*j - 12. Determine l(t).
33
Let h(p) = 2*p**3 - 17*p**2 - 79*p + 512. Let f be h(10). Let a(s) = -9*s**2 + 196*s + 45. Calculate a(f).
1
Let k = 10909 + -10911. Let d(t) = -3*t**2 - 9*t + 3. Determine d(k).
9
Let i(u) = 1 + u**3 + 13*u**2 + 1 + 6*u**3 - 3*u. Let j(r) = 5 + 2644*r + 38*r**2 - 2652*r + 20*r**3 + 0*r**3. Let s(d) = 17*i(d) - 6*j(d). Determine s(-6).
-14
Let m = -11 + 17. Let y(f) be the second derivative of -f**4/12 + 5*f**3/6 + 7*f**2/2 - 53075*f. Give y(m).
1
Let p(q) be the first derivative of -q**5/30 - q**4/12 - q**3/3 + q**2 + 26*q - 55. Let r(t) be the second derivative of p(t). Determine r(-2).
-6
Let d(i) = i**2 - 13 - 6*i + 3*i + 4*i - 18*i + 11*i. What is d(-2)?
3
Let c(h) = -2*h**2 + 2*h - 4. Let m(t) be the first derivative of -t**3 + 3*t**2/2 - 5*t + 7. Let p(x) = -6*c(x) + 5*m(x). Give p(2).
-7
Let g be (-5)/((-585)/567) + 26/169. Let h(p) = 19*p - 100. Determine h(g).
-5
Let i = -33 - -47. Suppose 6*f = -i - 16. Let r(w) = -11*w**2 + 4*w - 2. Let y(q) = 9*q**2 - 2*q + 3. Let g(p) = -4*r(p) - 5*y(p). Calculate g(f).
-2
Let l(b) = 14 + 54 + 6 - 3 + 1 + 16*b. What is l(-4)?
8
Let j(q) = 47*q + 85. Let f be (-1)/(-5) + 6457/(-2935). Determine j(f).
-9
Let f be (-1426)/248 - (-2)/(-8). Let p(t) = -4*t**2 - 12*t - 7. Give p(f).
-79
Let r be 7 - 0 - (-2 + (5 - -1)). Let s(q) be the second derivative of 0*q**2 + 1/10*q**5 + 1/3*q**4 + 0 + 1/3*q**r - 2*q. Give s(-2).
-4
Suppose 0 = -5*x + 92*g - 96*g - 65, 5*g - 11 = 4*x. Let r(b) = -2*b**2 - 9*b - 10. Calculate r(x).
-91
Let b be ((3 - -1) + 1*54)/(-2). Let p(r) = -r**2 - 30*r - 32. Give p(b).
-3
Let g(n) = -27*n + 5. Let v(p) = -14*p + 3. Let x(k) = 3*g(k) - 5*v(k). Let l(z) = 42*z - 377. Let c = -85 + 94. Let a be l(c). Calculate x(a).
-11
Let j(l) be the first derivative of -l**5/20 + 3*l**4/4 - 7*l**3/6 + 98*l + 227. Let w(n) be the first derivative of j(n). Calculate w(8).
8
L